597 + -4?
593
In base 8, what is 673 - -53?
746
In base 2, what is 0 + -111000000110100?
-111000000110100
In base 16, what is -72978 + -1?
-72979
In base 6, what is -1440 + -133?
-2013
In base 2, what is -10001100100111000101 - 100?
-10001100100111001001
In base 12, what is -2657 + -686?
-3121
In base 14, what is 4 + 56aa?
56b0
In base 10, what is 73288 - 3?
73285
In base 6, what is -3 + -43230?
-43233
In base 4, what is -3 - -3101203?
3101200
In base 9, what is -5 - 58058?
-58064
In base 6, what is -2 + -1101421?
-1101423
In base 2, what is 101000001 - 1110010011?
-1001010010
In base 16, what is -1352a - -1?
-13529
In base 3, what is -12 - -122211200?
122211111
In base 12, what is -9 - 115116?
-115123
In base 10, what is 18 + -2807?
-2789
In base 12, what is 4 + 2a446?
2a44a
In base 16, what is 4f + -7d?
-2e
In base 6, what is 421435 - 4?
421431
In base 10, what is -903542 + -3?
-903545
In base 15, what is 3 - -d209?
d20c
In base 5, what is -2133 - 2024?
-4212
In base 8, what is 13562 - 1131?
12431
In base 11, what is 15266 + -5?
15261
In base 6, what is 1130 + -143?
543
In base 6, what is -5 - 24210?
-24215
In base 12, what is 191 + -27a?
-a9
In base 11, what is 6119 + -188?
5a41
In base 13, what is -263c70 - -4?
-263c69
In base 10, what is 475 + -111?
364
In base 10, what is -4 - 1615?
-1619
In base 15, what is -2c - -15564?
15537
In base 14, what is -67 + -6d5?
-75c
In base 12, what is 35767 - -3?
3576a
In base 7, what is 1155 - -231?
1416
In base 13, what is 2031cb - 1?
2031ca
In base 8, what is -15554 + -3?
-15557
In base 14, what is 20 + 646?
666
In base 15, what is 29a4 + 38?
29dc
In base 4, what is 1 - 231011?
-231010
In base 15, what is -1a - -dd?
c3
In base 6, what is 10 - 1002312?
-1002302
In base 10, what is 108694 + 0?
108694
In base 2, what is -100111111 + -10010010010101?
-10010111010100
In base 14, what is -19add7 + -3?
-19adda
In base 10, what is 208 + -180?
28
In base 2, what is 1010100 - -111010111010?
111100001110
In base 5, what is 2113144 + 2?
2113201
In base 7, what is 154100 - 31?
154036
In base 9, what is -152 - -1360?
1207
In base 14, what is 2d - 14c4?
-1495
In base 4, what is -303132212 + -1?
-303132213
In base 10, what is -1 - 6363?
-6364
In base 7, what is 22605 + -6?
22566
In base 3, what is -1022 + 120001?
111202
In base 3, what is 1010021021 - -22?
1010021120
In base 14, what is 62 + 280?
302
In base 12, what is 6156b - -9?
61578
In base 12, what is 10 + -153?
-143
In base 7, what is 56103 - -36?
56142
In base 15, what is -b + 3b5?
3a9
In base 9, what is -167033 + 4?
-167028
In base 4, what is 1112200231 - 13?
1112200212
In base 9, what is 2 - 132364?
-132362
In base 7, what is 2 + 1532633?
1532635
In base 15, what is 1 + -816ce?
-816cd
In base 13, what is 9 - -3c8?
404
In base 10, what is 29796 - -5?
29801
In base 7, what is -1052026 + -3?
-1052032
In base 10, what is -18 - 255261?
-255279
In base 11, what is -3554 + -3?
-3557
In base 9, what is -4471 - 5?
-4476
In base 11, what is -530755 + -2?
-530757
In base 15, what is 4 + 28c23?
28c27
In base 6, what is -14425054 - -1?
-14425053
In base 14, what is -6 - 7391?
-7397
In base 9, what is 11 + 262811?
262822
In base 14, what is -1 + 5d8b?
5d8a
In base 8, what is 4 - 237300?
-237274
In base 3, what is 10 - -1022112100011?
1022112100021
In base 14, what is 5 + -11d405?
-11d400
In base 6, what is 13 + -54440?
-54423
In base 7, what is -3 - 14255?
-14261
In base 7, what is -2415 + 4642?
2224
In base 8, what is 1 + 57600?
57601
In base 6, what is 2 - -4024235?
4024241
In base 8, what is 61 + -13421?
-13340
In base 14, what is 850 - -16?
866
In base 2, what is 10011001111100111 + 100?
10011001111101011
In base 15, what is b + 29d5?
29e1
In base 2, what is 10101010000000000 - -1?
10101010000000001
In base 15, what is 1ce8 - 2?
1ce6
In base 14, what is -452bd - 5?
-452c4
In base 2, what is -101111100001110 - 11?
-101111100010001
In base 14, what is -147b + 8a?
-13d1
In base 4, what is -23013 - 1130?
-30203
In base 16, what is -29 + -3014d?
-30176
In base 3, what is -111 + -220111010?
-220111121
In base 15, what is -3ce4 + 25?
-3cbe
In base 14, what is 137d1b - 4?
137d17
In base 7, what is 3 + -352326?
-352323
In base 11, what is 83 + 2342?
2415
In base 15, what is -a4945 - -4?
-a4941
In base 14, what is 3 + -786b?
-7868
In base 7, what is 132531 - 33?
132465
In base 12, what is 130bb4 + 5?
130bb9
In base 16, what is 1 + -1292?
-1291
In base 2, what is -1011000 + 11011000111111?
11010111100111
In base 6, what is 3 + -3522?
-3515
In base 10, what is -544 - -102?
-442
In base 4, what is -23200 - -1022?
-22112
In base 2, what is -100 + -100110001001110001?
-100110001001110101
In base 15, what is 5855 - 4c?
5808
In base 8, what is -232 - -66202?
65750
In base 16, what is 22a0 + a?
22aa
In base 8, what is -4 + 1046513?
1046507
In base 3, what is 10 + 100111?
100121
In base 7, what is -4 - 435331?
-435335
In base 13, what is -92c + -285?
-bb4
In base 12, what is 2754b + b?
2755a
In base 12, what is 3116 - -67?
3181
In base 9, what is 172131 - -23?
172154
In base 7, what is -106662 + 0?
-106662
In base 11, what is -151 - 2415?
-2566
In base 14, what is -1b + 3621?
3604
In base 11, what is -25 + 1a767?
1a742
In base 15, what is -dd7d + 3?
-dd7a
In base 10, what is 18 - -14450?
14468
In base 12, what is 4a - 121?
-93
In base 2, what is 0 - 10000001111000111100?
-10000001111000111100
In base 8, what is 1026 + -511?
315
In base 12, what is 46 + -1252?
-1208
In base 11, what is -3052 + 497?
-2666
In base 6, what is 32 - -2033031?
2033103
In base 10, what is 3 + 271841?
271844
In base 9, what is 57282 + 4?
57286
In base 2, what is 1001111000100 + 100?
1001111001000
In base 13, what is -1 - 1a87?
-1a88
In base 15, what is -3d - -847?
809
In base 4, what is 1231332 - -23?
1232021
In base 13, what is 128 - -20?
148
In base 13, what is -797 - 45?
-80c
In base 8, what is 7 + -17425?
-17416
In base 7, what is 3 + 13405?
13411
In base 4, what is -1131010 - 222?
-1131232
In base 2, what is -10011011000011100 - -101?
-10011011000010111
In base 4, what is -1 + 10110230?
10110223
In base 4, what is -10 + 3223233?
3223223
In base 8, what is 1152555 + 2?
1152557
In base 12, what is -1a4 + -9a?
-282
In base 8, what is 4052 - 6?
4044
In base 6, what is -2402 + -433?
-3235
In base 10, what is -492 + -178?
-670
In base 7, what is -5025 + 0?
-5025
In base 7, what is -1620403 + -4?
-1620410
In base 12, what is -402 + 2a?
-394
In base 6, what is 1405 + 435?
2244
In base 16, what is -4 + 1bc20?
1bc1c
In base 15, what is -5bdb - -2?
-5bd9
In base 7, what is -133 - -10436?
10303
In base 4, what is 121 + 331?
1112
In base 2, what is -1010100 - -1100111100111?
1100110010011
In base 12, what is b4b + 437?
1386
In base 8, what is -204540 + 0?
-204540
In base 16, what is 222c + -6?
2226
In base 6, what is 3 + 125003?
125010
In base 12, what is 323a6 + 2?
323a8
In base 3, what is 1 - -202010?
202011
In base 3, what is -2202021011100 - 2?
-2202021011102
In base 11, what is 1a + -6a?
-50
In base 6, what is -340142 - -3?
-340135
In base 8, what is 1 - -727?
730
In base 13, what is -1 - 1ccc4c?
-1ccc50
In base 13, what is 8b45a7 - 5?
8b45a2
In base 4, what is 12 - 33001011?
-33000333
In base 12, what is 429 - -11a?
547
In base 2, what is 1000 + 10100111001?
10101000001
In base 3, what is 120201 + -1201?
112000
In base 5, what is -10100330 - -4?
-10100321
In base 7, what is -4541 - -332?
-4206
In base 5, what is -21 - -431142?
431121
In base 4, what is -100 + -13112230?
-13112330
In base 15, what is 3b5 - 148?
26c
In base 7, what is 1 + -431311?
-431310
In base 16, what is -fd4b0 + -5?
-fd4b5
In base 12, what is -20 - -1155?
1135
In base 14, what is -1 - a816?
-a817
In base 3, what is 10200 + -211202?
-201002
In base 7, what is 0 - -1235166?
1235166
In base 6, what is 4 - 1112553?
-1112545
In base 16, what is -108b4 - c?
-108c0
In base 8, what is 2537 - 62?
2455
In base 11, what is 4 + -95457?
-95453
In base 13, what is -4084 - -72?
-4012
In base 15, what is -3e0d + -4?
-3e12
In base 7, what is -153122 - 0?
-153122
In base 2, what is 1 - 1011010001101000?
-1011010001100111
In base 16, what is -2 - -51db?
51d9
In base 11, what is 1 + -609a?
-6099
In base 11, what is 12892 + 0?
12892
In base 10, what is -1 - 14